{"version":"1.0","provider_name":"Berkinder - Property Management Barcelona","provider_url":"https:\/\/www.berkinder.com\/ca\/","author_name":"carles","author_url":"https:\/\/www.berkinder.com\/ca\/author\/carles\/","title":"L\u00cdMITE AL INCREMENTO POR IPC A LOS ALQUILERES DE VIVIENDA AL 2% - Berkinder - Property Management Barcelona","type":"rich","width":600,"height":338,"html":"<blockquote class=\"wp-embedded-content\" data-secret=\"ztPJqpRy8F\"><a href=\"https:\/\/www.berkinder.com\/ca\/18878-2\/\">L\u00cdMITE AL INCREMENTO POR IPC A LOS ALQUILERES DE VIVIENDA AL 2%<\/a><\/blockquote><iframe sandbox=\"allow-scripts\" security=\"restricted\" src=\"https:\/\/www.berkinder.com\/ca\/18878-2\/embed\/#?secret=ztPJqpRy8F\" width=\"600\" height=\"338\" title=\"&#8220;L\u00cdMITE AL INCREMENTO POR IPC A LOS ALQUILERES DE VIVIENDA AL 2%&#8221; &#8212; Berkinder - Property Management Barcelona\" data-secret=\"ztPJqpRy8F\" frameborder=\"0\" marginwidth=\"0\" marginheight=\"0\" scrolling=\"no\" class=\"wp-embedded-content\"><\/iframe><script>\n\/*! This file is auto-generated *\/\n!function(d,l){\"use strict\";l.querySelector&&d.addEventListener&&\"undefined\"!=typeof URL&&(d.wp=d.wp||{},d.wp.receiveEmbedMessage||(d.wp.receiveEmbedMessage=function(e){var t=e.data;if((t||t.secret||t.message||t.value)&&!\/[^a-zA-Z0-9]\/.test(t.secret)){for(var s,r,n,a=l.querySelectorAll('iframe[data-secret=\"'+t.secret+'\"]'),o=l.querySelectorAll('blockquote[data-secret=\"'+t.secret+'\"]'),c=new RegExp(\"^https?:$\",\"i\"),i=0;i<o.length;i++)o[i].style.display=\"none\";for(i=0;i<a.length;i++)s=a[i],e.source===s.contentWindow&&(s.removeAttribute(\"style\"),\"height\"===t.message?(1e3<(r=parseInt(t.value,10))?r=1e3:~~r<200&&(r=200),s.height=r):\"link\"===t.message&&(r=new URL(s.getAttribute(\"src\")),n=new URL(t.value),c.test(n.protocol))&&n.host===r.host&&l.activeElement===s&&(d.top.location.href=t.value))}},d.addEventListener(\"message\",d.wp.receiveEmbedMessage,!1),l.addEventListener(\"DOMContentLoaded\",function(){for(var e,t,s=l.querySelectorAll(\"iframe.wp-embedded-content\"),r=0;r<s.length;r++)(t=(e=s[r]).getAttribute(\"data-secret\"))||(t=Math.random().toString(36).substring(2,12),e.src+=\"#?secret=\"+t,e.setAttribute(\"data-secret\",t)),e.contentWindow.postMessage({message:\"ready\",secret:t},\"*\")},!1)))}(window,document);\n\/\/# sourceURL=https:\/\/www.berkinder.com\/wp-includes\/js\/wp-embed.min.js\n<\/script>\n","thumbnail_url":"https:\/\/www.berkinder.com\/wp-content\/uploads\/2022\/03\/pluma_336height.jpg","thumbnail_width":814,"thumbnail_height":336,"description":"Entre otras medidas econ\u00f3micas el art\u00edculo 46 de este Real Decreto Ley establece una limitaci\u00f3n respecto al incremento m\u00e1ximo de la actualizaci\u00f3n de las rentas de los arrendamientos de vivienda durante el periodo 31 de marzo a 30 junio 2022. Esta norma es de aplicaci\u00f3n: En los contratos de vivienda sujetos a la LAU de [&hellip;]"}

LÍMITE AL INCREMENTO POR IPC A LOS ALQUILERES DE VIVIENDA AL 2% - Berkinder - Property Management Barcelona

<blockquote class="wp-embedded-content" data-secret="ztPJqpRy8F"><a href="https://www.berkinder.com/ca/18878-2/">LÍMITE AL INCREMENTO POR IPC A LOS ALQUILERES DE VIVIENDA AL 2%</a></blockquote><iframe sandbox="allow-scripts" security="restricted" src="https://www.berkinder.com/ca/18878-2/embed/#?secret=ztPJqpRy8F" width="600" height="338" title="&#8220;LÍMITE AL INCREMENTO POR IPC A LOS ALQUILERES DE VIVIENDA AL 2%&#8221; &#8212; Berkinder - Property Management Barcelona" data-secret="ztPJqpRy8F" frameborder="0" marginwidth="0" marginheight="0" scrolling="no" class="wp-embedded-content"></iframe><script>
/*! This file is auto-generated */
!function(d,l){"use strict";l.querySelector&&d.addEventListener&&"undefined"!=typeof URL&&(d.wp=d.wp||{},d.wp.receiveEmbedMessage||(d.wp.receiveEmbedMessage=function(e){var t=e.data;if((t||t.secret||t.message||t.value)&&!/[^a-zA-Z0-9]/.test(t.secret)){for(var s,r,n,a=l.querySelectorAll('iframe[data-secret="'+t.secret+'"]'),o=l.querySelectorAll('blockquote[data-secret="'+t.secret+'"]'),c=new RegExp("^https?:$","i"),i=0;i<o.length;i++)o[i].style.display="none";for(i=0;i<a.length;i++)s=a[i],e.source===s.contentWindow&&(s.removeAttribute("style"),"height"===t.message?(1e3<(r=parseInt(t.value,10))?r=1e3:~~r<200&&(r=200),s.height=r):"link"===t.message&&(r=new URL(s.getAttribute("src")),n=new URL(t.value),c.test(n.protocol))&&n.host===r.host&&l.activeElement===s&&(d.top.location.href=t.value))}},d.addEventListener("message",d.wp.receiveEmbedMessage,!1),l.addEventListener("DOMContentLoaded",function(){for(var e,t,s=l.querySelectorAll("iframe.wp-embedded-content"),r=0;r<s.length;r++)(t=(e=s[r]).getAttribute("data-secret"))||(t=Math.random().toString(36).substring(2,12),e.src+="#?secret="+t,e.setAttribute("data-secret",t)),e.contentWindow.postMessage({message:"ready",secret:t},"*")},!1)))}(window,document);
//# sourceURL=https://www.berkinder.com/wp-includes/js/wp-embed.min.js
</script>

Entre otras medidas económicas el artículo 46 de este Real Decreto Ley establece una limitación respecto al incremento máximo de la actualización de las rentas de los arrendamientos de vivienda durante el periodo 31 de marzo a 30 junio 2022. Esta norma es de aplicación: En los contratos de vivienda sujetos a la LAU de [&hellip;]
